{"id":102,"date":"2013-10-22T18:13:26","date_gmt":"2013-10-22T18:13:26","guid":{"rendered":"http:\/\/wpthemes.iweb-studio.com\/solana\/?page_id=102"},"modified":"2016-06-22T18:11:47","modified_gmt":"2016-06-22T18:11:47","slug":"about-us","status":"publish","type":"page","link":"https:\/\/www.rst.eng.br\/novo\/?page_id=102","title":{"rendered":"CONHE\u00c7A A RST"},"content":{"rendered":"<p><span style=\"color: #000000;\"><div class=\"caption-container-main m-bot-30\"><div class=\"caption-text-container\">PERFIL<\/div><div class=\"content-container-white caption-bg\"><\/div><\/div>\n<p><span style=\"color: #000000;\">Ao longo de sua exist\u00eancia, a RST tem somado um consider\u00e1vel acervo de servi\u00e7os realizados. Com grande experi\u00eancia na \u00e1rea de obras de constru\u00e7\u00e3o leve e pesada, no acompanhamento da execu\u00e7\u00e3o de terraplenagem, estradas, viadutos, t\u00faneis, usinas hidrel\u00e9tricas e montagem eletromec\u00e2nica. Tamb\u00e9m atua na \u00e1rea de engenharia rural atrav\u00e9s de levantamentos de \u00e1reas, georreferenciamento de im\u00f3veis rurais, projetos de barragens, irriga\u00e7\u00e3o, hidrologia e licenciamentos ambientais.<\/span><\/p>\n<p><span style=\"color: #000000;\">Nos seus projetos e contratos, a RST utiliza seu corpo t\u00e9cnico formado por profissionais especializados para atender as diversas etapas do projeto, oferecendo as solu\u00e7\u00f5es de atendimento total que sua empresa precisa, com toda a infra \u2013 estrutura.<\/span><\/p>\n<p><span style=\"color: #000000;\"><div class=\"caption-container-main m-bot-30\"><div class=\"caption-text-container\">MISS\u00c3O<\/div><div class=\"content-container-white caption-bg\"><\/div><\/div>\n<p><span style=\"color: #000000;\"><div class=\"caption-container-main m-bot-30\"><div class=\"caption-text-container\">VALORES<\/div><div class=\"content-container-white caption-bg\"><\/div><\/div>\n<p><span style=\"color: #000000;\">\u00c9tica, Comprometimento e\u00a0Compet\u00eancia na Constru\u00e7\u00e3o<\/span><br \/>\n<span style=\"color: #000000;\">Qualidade e Excel\u00eancia de Resultados<\/span><br \/>\n<span style=\"color: #000000;\">Sa\u00fade e Seguran\u00e7a no Trabalho<\/span><br \/>\n<span style=\"color: #000000;\">Desenvolvimento Sustent\u00e1vel<\/span><br \/>\n<span style=\"color: #000000;\">Desenvolvimento Social<\/span><br \/>\n<span style=\"color: #000000;\">Acompanhamento das Tecnologias de \u00faltima gera\u00e7\u00e3o<\/span><\/p>\n<p><span style=\"color: #000000;\"><div class=\"caption-container-main m-bot-30\"><div class=\"caption-text-container\">EQUIPAMENTOS<\/div><div class=\"content-container-white caption-bg\"><\/div><\/div>\n<p>&nbsp;<\/p>\n","protected":false},"excerpt":{"rendered":"<p>Ao longo de sua exist\u00eancia, a RST tem somado um consider\u00e1vel acervo de servi\u00e7os realizados. Com grande experi\u00eancia na \u00e1rea de obras de constru\u00e7\u00e3o leve e pesada, no acompanhamento da execu\u00e7\u00e3o de terraplenagem, estradas, viadutos, t\u00faneis, usinas hidrel\u00e9tricas e montagem eletromec\u00e2nica. Tamb\u00e9m atua na \u00e1rea de engenharia rural atrav\u00e9s de levantamentos de \u00e1reas, georreferenciamento de [&hellip;]<\/p>\n","protected":false},"author":1,"featured_media":0,"parent":0,"menu_order":0,"comment_status":"open","ping_status":"open","template":"templates\/page-fullwidth.php","meta":{"footnotes":""},"_links":{"self":[{"href":"https:\/\/www.rst.eng.br\/novo\/index.php?rest_route=\/wp\/v2\/pages\/102"}],"collection":[{"href":"https:\/\/www.rst.eng.br\/novo\/index.php?rest_route=\/wp\/v2\/pages"}],"about":[{"href":"https:\/\/www.rst.eng.br\/novo\/index.php?rest_route=\/wp\/v2\/types\/page"}],"author":[{"embeddable":true,"href":"https:\/\/www.rst.eng.br\/novo\/index.php?rest_route=\/wp\/v2\/users\/1"}],"replies":[{"embeddable":true,"href":"https:\/\/www.rst.eng.br\/novo\/index.php?rest_route=%2Fwp%2Fv2%2Fcomments&post=102"}],"version-history":[{"count":19,"href":"https:\/\/www.rst.eng.br\/novo\/index.php?rest_route=\/wp\/v2\/pages\/102\/revisions"}],"predecessor-version":[{"id":624,"href":"https:\/\/www.rst.eng.br\/novo\/index.php?rest_route=\/wp\/v2\/pages\/102\/revisions\/624"}],"wp:attachment":[{"href":"https:\/\/www.rst.eng.br\/novo\/index.php?rest_route=%2Fwp%2Fv2%2Fmedia&parent=102"}],"curies":[{"name":"wp","href":"https:\/\/api.w.org\/{rel}","templated":true}]}}